(i).
-1
Let s be (-90)/(-4)*(-4)/(-6). Let b = -12 + s. Suppose -2*l = b*l - 5*w - 20, -2*l + 10 = -3*w. Let t(x) = 2*x**2 - x. What is t(l)?
6
Let h(a) = a**2 - 3. Let z be -2*(3 - (-25)/10). Let u(c) = -4*c**2 - c + 16. Let f(s) = z*h(s) - 2*u(s). Calculate f(2).
-7
Let q be (-4)/14 - (-160)/(-28). Let g(b) = -b**3 + b - 1. Let k(p) = -7*p**3 + p**2 + 9*p - 8. Let l(w) = q*g(w) + k(w). Give l(2).
0
Let i(r) be the third derivative of r**6/120 + r**5/10 - r**4/24 - 13*r**3/6 - 165*r**2. Calculate i(-6).
-7
Let x(d) be the second derivative of d**3/6 + 3*d**2/2 - 3*d - 11. Determine x(0).
3
Let a(q) be the second derivative of 5*q**3/3 - 3*q**2/2 + 85*q. Calculate a(2).
17
Let l(r) be the second derivative of -5*r**3/6 + r**2/2 + 3*r. Let g = -288 - -287. Give l(g).
6
Let c = 330 + -325. Let m(g) = -3*g - 7. Determine m(c).
-22
Let h be 3*(-1 - 6/(-3)). Let a be 8/(-6)*27/6. Let c(o) = 7*o**3 + 3*o**2 - 7*o - 3. Let v(x) = x**3 + x**2 - x - 1. Let i(t) = a*v(t) + c(t). What is i(h)?
0
Let q(w) = w - 4. Let p = -42 + 32. Let i be -8*5/p + -4. What is q(i)?
-4
Suppose k + 0*k + 4*s = 2, 0 = -5*k + 5*s + 10. Let c(f) = -f**3 - 2 - 6*f - k*f**2 + 8*f + f. Calculate c(-3).
-2
Let j(v) be the third derivative of v**6/120 + 2*v**5/15 - v**4/3 + 13*v**3/6 - 347*v**2. Give j(-9).
4
Let y = -1072 + 1083. Let b(t) = t**2 - 8*t - 18. Give b(y).
15
Let p(w) = -w**2 + 7*w + 7. Let u be p(6). Let a = u - 9. Suppose -4 = -a*q + 4. Let f(h) = -h. What is f(q)?
-2
Let j(o) = 11*o**2 - 14*o + 1. Suppose -3*d + 56 - 14 = 0. Let v(r) = -3*r - d*r**2 - 4*r + 19*r**2. Let i(k) = -6*j(k) + 13*v(k). Determine i(-4).
6
Let h(x) = -2*x**3 - 8*x**2 - 6*x - 2. Let y be h(-3). Let u(v) = v. Let s(a) = -2*a. Let d(z) = 3*s(z) + 5*u(z). Give d(y).
2
Let d(n) = n**2 + 9*n - 12. Suppose 36*a + o - 25 = 39*a, 0 = 2*o + 4. What is d(a)?
-12
Let o(i) = i**3 + i**2 - i - 4. Let x(q) = q**2 + 4*q + 3. Let k be x(-6). Suppose 2*m - v + 3 = 0, -v = -m + 4*v - k. What is o(m)?
-4
Let q be (0 + 4)*(5 + 135/(-20)). Let u(l) = l + 1. Let g(k) = 4*k + 4. Let y(v) = q*u(v) + 2*g(v). Calculate y(1).
2
Let z(b) = 6*b - 2. Let a be (-3)/(-7) - (-480)/105. Suppose -a*j + 2*j + 6 = 0. Calculate z(j).
10
Let r(w) = -11*w**2 - 6*w + 6. Let z(v) = 10*v**2 + 7*v - 7. Let j(i) = 6*r(i) + 5*z(i). Let u be ((-11)/33)/1*-3. Give j(u).
-16
Suppose -5*m = 2*l + 44, -42 = 4*m + 21*l - 16*l. Let p(z) = -z**3 - 7*z**2 + 5*z - 3. Determine p(m).
21
Let k(z) = -z + 4. Let c be (-86)/(-18) + 18/81. Determine k(c).
-1
Let c(p) = 6 - p + 12*p**2 + 6*p**2 + 5*p**2 - 24*p**2. Determine c(-3).
0
Let i(o) = o - 1. Suppose 13*y + 7 = 6*y. Let d be -6 + (3 - 1) + y. What is i(d)?
-6
Let c(t) = 2*t. Let i(j) = -5*j + 18. Let p(b) = -4*c(b) - 2*i(b). Let q be p(16). Let k(z) = z + 3. Determine k(q).
-1
Let s(c) be the third derivative of -c**5/60 + c**4/24 + c**3/6 + 502*c**2. Calculate s(5).
-19
Let z = -11 - -11. Suppose d + d - 14 = z. Let m(y) = -d*y + 2*y**2 + 5 - y**2 + 1. What is m(4)?
-6
Let n(g) = g**2 - g - 3. Let r(f) = 3*f**2 - 4*f - 8. Let t(k) = 17*n(k) - 6*r(k). Suppose -5*p - 12 + 30 = p. Determine t(p).
9
Let j(g) = -4*g + 38. Let x be j(8). Let o(k) = -k**2 + 6*k + 9. Let n be o(7). Let l(a) = -6*a - x*a**2 + a**2 - 7 + 4*a**n. Calculate l(-5).
-2
Let d(b) = -b - 1 - b + 6*b. Suppose -12 = -5*a + 2*a. Suppose -f + 5 = a*f. What is d(f)?
3
Let i = 81 + -75. Let x(h) = i - 15 + 5*h - h**2 + 6*h. Determine x(10).
1
Let n be (-1)/((-4)/26 - 30/(-26)). Let q(x) = -14*x + 3. Let t(s) = -13*s + 2. Let k(u) = -3*q(u) + 4*t(u). Determine k(n).
9
Let t be (72/(-27))/((-4)/6). Suppose 6 = -t*g + g. Let h(c) = c**2 + 2*c**2 + c - 1 - 5*c**2. Determine h(g).
-11
Let t(x) = x. Let z = -9 + 11. Let q be t(z). Let k(o) = 4 + 7*o + q - 3 - 2. Calculate k(1).
8
Suppose 5*x - 18 = 12. Suppose 7*g = x + 15. Let d(a) = a**3 - 4*a**2 + 3*a + 3. Determine d(g).
3
Let x(o) be the second derivative of 15/2*o**2 + 2*o**3 + 3*o + 1/12*o**4 + 1. What is x(-11)?
4
Let o(g) = -g**3 + 13*g**2 - 12*g + 6. Let v(i) = -13*i**3 + i**2 - 2. Let a be v(-1). Calculate o(a).
6
Let v(c) be the first derivative of 3*c**2/2 - 29*c - 766. What is v(7)?
-8
Let u(k) be the third derivative of k**6/120 + k**5/10 - 7*k**4/24 + 2*k**3/3 - 36*k**2. What is u(-7)?
4
Let c = 1 - 7. Let n(m) be the second derivative of m**2 + 1/12*m**4 + 2/3*m**3 + 0 - 9*m. Give n(c).
14
Let a = -512 + 527. Let x(k) = k**3 - 15*k**2 - k + 21. Determine x(a).
6
Let y(x) = -4*x + 29 + 30 + 43 - 93. Calculate y(8).
-23
Suppose h = 5*n + 33 - 14, 7 = -2*h - 5*n. Let o be (-50)/(-16) - 34/272 - 3. Suppose -20 = h*g - o*g. Let b(f) = f + 4. Calculate b(g).
-1
Let f(o) = o + 2. Let m(w) = -5*w**2 + 16*w - 17. Let i be m(2). Calculate f(i).
-3
Let m = -118 - -110. Let j(a) be the first derivative of -8*a - 9/2*a**2 - 1/3*a**3 + 2. Determine j(m).
0
Let m(t) be the first derivative of -8*t**3/3 - 1. Suppose 0 = -5*d - 5*b, -6*b = 2*d - 3*b + 2. Suppose 3*x - 11 = n, 0*n = d*n - x + 2. What is m(n)?
-8
Suppose 5*a = -0*z - 3*z + 15, -5*a + 20 = 4*z. Suppose -5*f = -15 + z. Let m(h) = -5 + 1 + 5*h + h**f - 3*h**2 + h**2. Calculate m(4).
0
Let y(d) = 2*d + 2. Let g be 3/1 + (-3)/(9/6). Let w be y(g). Let h(s) = -s**2 + 0*s + 1 - 2*s + 7*s. Give h(w).
5
Let v be 4*3/(-18)*-3. Suppose 2*u - u + 1 = -2*o, u - v*o = 11. Suppose j + 0 = -l + 6, u*l = 3*j + 6. Let y(n) = -n**3 + 4*n**2 - 3*n - 2. Calculate y(l).
-2
Suppose -4*i - 11 + 11 = 0. Let w(n) = -4 + 2 + i + 4*n - 3*n. Let j be (2/(-4)*0)/(-2). Give w(j).
-2
Let h = 12 + -19. Let k(z) = 14278 - 5*z + 4*z - 14275. Determine k(h).
10
Let o(p) = -2*p - 1. Suppose -84 = 16*n - 20. Determine o(n).
7
Let z(d) = -5*d + 2. Let j be z(2). Let g(b) be the second derivative of b**3/6 + 5*b**2 + 6*b + 1. Determine g(j).
2
Let i be ((-3)/2)/(3/6). Let t be 6/1*(-1)/i. Let y(c) = 5*c**2 - 9*c. Let j(f) = 9*f**2 - 16*f. Let w(g) = 3*j(g) - 5*y(g). Calculate w(t).
2
Let i(c) = -2*c + 13127 - 13127 - 15*c**2. What is i(-2)?
-56
Let m(z) = z**2 + 30*z + 4. Let y(t) = 3*t**2 + 49*t + 7. Let v(w) = -5*m(w) + 3*y(w). Calculate v(1).
2
Suppose 6*a - 2*a = -32. Let p = -16 - a. Let f(t) = -t**2 - 6*t + 10. Give f(p).
-6
Suppose y + 6 = -y. Let s be 1 + y - ((-1 - -4) + -7). Let k(m) be the first derivative of -m**2/2 + m - 1. Determine k(s).
-1
Let p(v) = 2*v**2 - v + 1. Let l(w) = 15*w**2 - 6*w + 4. Let d(x) = l(x) - 5*p(x). Determine d(-1).
5
Let k(q) = 2*q - 9. Let m be 8*232/384 - 2/(-12). Give k(m).
1
Let w = -174 - -174. Let d(z) = z**3 + z**2 - 14. Determine d(w).
-14
Let s be 0*((-77)/14)/(-11). Let l(b) be the third derivative of -1/24*b**4 + s*b + 5*b**2 + 0 + 0*b**3. Give l(1).
-1
Let p(z) = -z**3 - 11*z**2 + z + 16. Let w(b) = 19*b + 84. Let q be w(-5). Determine p(q).
5
Let m(f) = 10*f**2 - f. Let l(z) = -61*z**2 + 21*z - 3. Let a(i) = -l(i) - 6*m(i). Give a(16).
19
Let d(p) = -73 + 6*p - 4*p + 68. What is d(-4)?
-13
Let v(i) = 2*i. Suppose -8 = -3*z - 2. Let c be v(z). Let t(x) = 9*x + 0 - x**2 - x + c - 2*x. What is t(6)?
4
Let r(a) be the first derivative of 2*a**3/3 - 3*a**2 + 3*a - 214. What is r(4)?
11
Let m(l) = -l - 4. Suppose 3*s + 2*s = 10. Let j(a) = 5*a + a**3 + 1 + 9*a - 12*a - 2 - 2*a**s. Let u be j(1). Determine m(u).
-4
Let k(s) = -s**2 - 6*s + 9. Let u be -7 + (1 - (-1)/(-2))*-2. Let o be k(u). Let y(j) = -j**2 - 7*j - 2. What is y(o)?
-2
Let g = 1 - -1. Let d(p) = p. Let f(a) be the first derivative of a - 15. Let m(o) = g*d(o) - 4*f(o). Give m(5).
6
Let u(b) = -b**3 - 2*b**2 - b. Let l be u(-1). Let o(j) = -19 + 18 + 3*j**3 + l*j**3 + j**2. What is o(1)?
3
Let p(w) = -w**3 + 3*w**2 + 8*w - 2. Let v(k) = 2*k**3 - k**2 - 7*k + 3. Let f(j) = -3*p(j) - 2*v(j). Give f(-5).
0
Suppose 4*a - 9 = -3*z, -6*z - 2*a = -z - 15. Let n(s) = -s**2 + 11*s - 15. Let m be n(9). Let j(l) = l + 767 - 764 + m*l**2 - 2*l**2 - l**3. Calculate j(z).
-12
Let t(g) = 2*g + 1. Let w(j) = -j**2 - 14*j + 12. Let v be w(-15). Give t(v).
-5
Let c(s) = -s**3 + 6*s**2 + 5*s + 16. Let n be c(7). Let b be (-6)/(-9)*(-3)/n. Let t(a) = 5*a + 1. What is t(b)?
-4
Suppose 4*k + 4 + 88 = -4*y, 3*y - k + 69 = 0. Let b(p) = -p**2 - 21*p + 41. Give b(y).
-5
Let a(l) = -l - 2. Let z be a(-4). Let o(j) = -6*j**z + j**2 - j + 1 - j**2. Determine o(1).
-6
Let k(h) 